{"id":9,"date":"2018-06-08T12:45:03","date_gmt":"2018-06-08T10:45:03","guid":{"rendered":"http:\/\/fiboss.com.pl\/?page_id=9"},"modified":"2026-02-15T20:50:36","modified_gmt":"2026-02-15T19:50:36","slug":"o-nas","status":"publish","type":"page","link":"https:\/\/fiboss.com.pl\/?page_id=9","title":{"rendered":"O nas"},"content":{"rendered":"\t\t<div data-elementor-type=\"wp-post\" data-elementor-id=\"9\" class=\"elementor elementor-9\" data-elementor-settings=\"[]\">\n\t\t\t\t\t\t<div class=\"elementor-inner\">\n\t\t\t\t\t\t\t<div class=\"elementor-section-wrap\">\n\t\t\t\t\t\t\t<section class=\"elementor-section elementor-top-section elementor-element elementor-element-76501b04 elementor-section-full_width elementor-section-height-default elementor-section-height-default\" data-id=\"76501b04\" data-element_type=\"section\">\n\t\t\t\t\t\t<div class=\"elementor-container elementor-column-gap-default\">\n\t\t\t\t\t\t\t<div class=\"elementor-row\">\n\t\t\t\t\t<div class=\"elementor-column elementor-col-100 elementor-top-column elementor-element elementor-element-70dacb6f\" data-id=\"70dacb6f\" data-element_type=\"column\">\n\t\t\t<div class=\"elementor-column-wrap elementor-element-populated\">\n\t\t\t\t\t\t\t<div class=\"elementor-widget-wrap\">\n\t\t\t\t\t\t<div class=\"elementor-element elementor-element-5613fc30 elementor-widget elementor-widget-text-editor\" data-id=\"5613fc30\" data-element_type=\"widget\" data-widget_type=\"text-editor.default\">\n\t\t\t\t<div class=\"elementor-widget-container\">\n\t\t\t\t\t<div class=\"elementor-text-editor elementor-clearfix\"><p><strong>FIBOSS<\/strong> jest kontynuacj\u0105 olszty\u0144skiej f-my, kt\u00f3ra pod podobn\u0105 nazw\u0105 dzia\u0142a\u0142a w latach 1998-2000, w kr\u00f3tkim czasie osi\u0105gaj\u0105c znacz\u0105c\u0105 pozycj\u0119 na rynku producent\u00f3w akcesori\u00f3w \u015bwiat\u0142owodowych w Polsce. Nastawienie na innowacje technologiczne szybko uplasowa\u0142o FIBOSS w \u015bcis\u0142ej czo\u0142\u00f3wce podobnych firm w Polsce.<\/p>\n<p>Obecnie, w zmienionym obszarze tematycznym i geograficznym FIBOSS skutecznie dzia\u0142a obs\u0142uguj\u0105c wymagaj\u0105cych Klient\u00f3w oczekuj\u0105cych wyrafinowanych rozwi\u0105za\u0144 z dziedzin technologii \u015bwiat\u0142owodowych, materia\u0142\u00f3w do obr\u00f3bki powierzchni, system\u00f3w pomiarowych powierzchni wykorzystuj\u0105cych metody interferometryczne w ca\u0142ej Europie.<\/p>\n<p>W realizacji naszej dewizy pomagaj\u0105 nam nasi Partnerzy:&nbsp;<a href=\"http:\/\/dorc.com\">DORC,<\/a>&nbsp;<a href=\"http:\/\/en.bjgrish.com\/\">BjGrish,<\/a><\/p>\n<p>Zapraszamy do wsp\u00f3\u0142pracy.<\/p>\n\n<!-- wp:paragraph -->\n<p><\/p>\n<!-- \/wp:paragraph --><\/div>\n\t\t\t\t<\/div>\n\t\t\t\t<\/div>\n\t\t\t\t\t\t<\/div>\n\t\t\t\t\t<\/div>\n\t\t<\/div>\n\t\t\t\t\t\t\t\t<\/div>\n\t\t\t\t\t<\/div>\n\t\t<\/section>\n\t\t\t\t\t\t<\/div>\n\t\t\t\t\t\t<\/div>\n\t\t\t\t\t<\/div>\n\t\t","protected":false},"excerpt":{"rendered":"<p>FIBOSS jest kontynuacj\u0105 olszty\u0144skiej firmy, kt\u00f3ra pod podobn\u0105 nazw\u0105 dzia\u0142a\u0142a w latach 1998-2000, w kr\u00f3tkim czasie osi\u0105gaj\u0105c znacz\u0105c\u0105 pozycj\u0119 na rynku producent\u00f3w akcesori\u00f3w \u015bwiat\u0142owodowych w Polsce. Nastawienie na innowacje technologiczne szybko uplasowa\u0142o FIBOSS w \u015bcis\u0142ej czo\u0142\u00f3wce podobnych firm w Polsce. Obecnie, w zmienionym obszarze tematycznym i geograficznym FIBOSS skutecznie dzia\u0142a obs\u0142uguj\u0105c wymagaj\u0105cych klient\u00f3w oczekuj\u0105cych wyrafinowanych [&hellip;]<\/p>\n","protected":false},"author":1,"featured_media":51,"parent":0,"menu_order":0,"comment_status":"closed","ping_status":"closed","template":"","meta":[],"_links":{"self":[{"href":"https:\/\/fiboss.com.pl\/index.php?rest_route=\/wp\/v2\/pages\/9"}],"collection":[{"href":"https:\/\/fiboss.com.pl\/index.php?rest_route=\/wp\/v2\/pages"}],"about":[{"href":"https:\/\/fiboss.com.pl\/index.php?rest_route=\/wp\/v2\/types\/page"}],"author":[{"embeddable":true,"href":"https:\/\/fiboss.com.pl\/index.php?rest_route=\/wp\/v2\/users\/1"}],"replies":[{"embeddable":true,"href":"https:\/\/fiboss.com.pl\/index.php?rest_route=%2Fwp%2Fv2%2Fcomments&post=9"}],"version-history":[{"count":17,"href":"https:\/\/fiboss.com.pl\/index.php?rest_route=\/wp\/v2\/pages\/9\/revisions"}],"predecessor-version":[{"id":837,"href":"https:\/\/fiboss.com.pl\/index.php?rest_route=\/wp\/v2\/pages\/9\/revisions\/837"}],"wp:featuredmedia":[{"embeddable":true,"href":"https:\/\/fiboss.com.pl\/index.php?rest_route=\/wp\/v2\/media\/51"}],"wp:attachment":[{"href":"https:\/\/fiboss.com.pl\/index.php?rest_route=%2Fwp%2Fv2%2Fmedia&parent=9"}],"curies":[{"name":"wp","href":"https:\/\/api.w.org\/{rel}","templated":true}]}}