{"id":182,"date":"2018-06-22T10:22:03","date_gmt":"2018-06-22T08:22:03","guid":{"rendered":"http:\/\/fiboss.com.pl\/?page_id=182"},"modified":"2020-09-10T13:29:24","modified_gmt":"2020-09-10T11:29:24","slug":"materialy-polerskie","status":"publish","type":"page","link":"https:\/\/fiboss.com.pl\/?page_id=182","title":{"rendered":"Materia\u0142y polerskie"},"content":{"rendered":"<p>Oferta materia\u0142\u00f3w polerskich stosowanych do polerowania z\u0142\u0105czy \u015bwiat\u0142owodowych obejmuje<br \/>\nFolie na bazie proszk\u00f3w:<\/p>\n<p>D &#8211; diament syntetyczny&nbsp;&nbsp;&nbsp; SC &#8211; w\u0119glik krzemu&nbsp;&nbsp;&nbsp;&nbsp; AO &#8211; tlenk\u00f3w aluminium&nbsp;&nbsp;&nbsp;&nbsp;&nbsp; CO &#8211; tlenk\u00f3w Ceru&nbsp;&nbsp; SO &#8211; tlenk\u00f3w krzemu<\/p>\n<p>oraz p\u0142yny i specjalne podk\u0142adki pod p\u0142yny polerskie.<\/p>\n<p><a href=\"https:\/\/fiboss.com.pl\/wp-content\/uploads\/2018\/06\/Przechwytywanie-1.png\"><img loading=\"lazy\" src=\"https:\/\/fiboss.com.pl\/wp-content\/uploads\/2018\/06\/Przechwytywanie-1-1024x865.png\" alt=\"\" width=\"1024\" height=\"865\"><\/a><\/p>\n<hr>\n<p><strong>Katalog folii zamieszczamy powy\u017cej. Katalog p\u0142yn\u00f3w &#8211; dost\u0119pny za zapytanie ofertowe.<\/strong><\/p>\n","protected":false},"excerpt":{"rendered":"<p>Oferta materia\u0142\u00f3w polerskich stosowanych do polerowania z\u0142\u0105czy \u015bwiat\u0142owodowych obejmuje Folie na bazie proszk\u00f3w: D &#8211; diament syntetyczny&nbsp;&nbsp;&nbsp; SC &#8211; w\u0119glik krzemu&nbsp;&nbsp;&nbsp;&nbsp; AO &#8211; tlenk\u00f3w aluminium&nbsp;&nbsp;&nbsp;&nbsp;&nbsp; CO &#8211; tlenk\u00f3w Ceru&nbsp;&nbsp; SO &#8211; tlenk\u00f3w krzemu oraz p\u0142yny i specjalne podk\u0142adki pod p\u0142yny polerskie. Katalog folii zamieszczamy powy\u017cej. Katalog p\u0142yn\u00f3w &#8211; dost\u0119pny za zapytanie ofertowe.<\/p>\n","protected":false},"author":1,"featured_media":0,"parent":0,"menu_order":0,"comment_status":"closed","ping_status":"closed","template":"","meta":[],"_links":{"self":[{"href":"https:\/\/fiboss.com.pl\/index.php?rest_route=\/wp\/v2\/pages\/182"}],"collection":[{"href":"https:\/\/fiboss.com.pl\/index.php?rest_route=\/wp\/v2\/pages"}],"about":[{"href":"https:\/\/fiboss.com.pl\/index.php?rest_route=\/wp\/v2\/types\/page"}],"author":[{"embeddable":true,"href":"https:\/\/fiboss.com.pl\/index.php?rest_route=\/wp\/v2\/users\/1"}],"replies":[{"embeddable":true,"href":"https:\/\/fiboss.com.pl\/index.php?rest_route=%2Fwp%2Fv2%2Fcomments&post=182"}],"version-history":[{"count":9,"href":"https:\/\/fiboss.com.pl\/index.php?rest_route=\/wp\/v2\/pages\/182\/revisions"}],"predecessor-version":[{"id":769,"href":"https:\/\/fiboss.com.pl\/index.php?rest_route=\/wp\/v2\/pages\/182\/revisions\/769"}],"wp:attachment":[{"href":"https:\/\/fiboss.com.pl\/index.php?rest_route=%2Fwp%2Fv2%2Fmedia&parent=182"}],"curies":[{"name":"wp","href":"https:\/\/api.w.org\/{rel}","templated":true}]}}