{"id":112,"date":"2018-06-20T10:33:50","date_gmt":"2018-06-20T08:33:50","guid":{"rendered":"http:\/\/fiboss.com.pl\/?page_id=112"},"modified":"2019-06-07T11:36:18","modified_gmt":"2019-06-07T09:36:18","slug":"swiatlowodowe-technologie","status":"publish","type":"page","link":"https:\/\/fiboss.com.pl\/?page_id=112","title":{"rendered":"Technologie \u015awiat\u0142owodowe"},"content":{"rendered":"\t\t<div data-elementor-type=\"wp-post\" data-elementor-id=\"112\" class=\"elementor elementor-112\" data-elementor-settings=\"[]\">\n\t\t\t\t\t\t<div class=\"elementor-inner\">\n\t\t\t\t\t\t\t<div class=\"elementor-section-wrap\">\n\t\t\t\t\t\t\t<section class=\"elementor-section elementor-top-section elementor-element elementor-element-6b8ad828 elementor-section-boxed elementor-section-height-default elementor-section-height-default\" data-id=\"6b8ad828\" data-element_type=\"section\">\n\t\t\t\t\t\t<div class=\"elementor-container elementor-column-gap-default\">\n\t\t\t\t\t\t\t<div class=\"elementor-row\">\n\t\t\t\t\t<div class=\"elementor-column elementor-col-100 elementor-top-column elementor-element elementor-element-1b148387\" data-id=\"1b148387\" data-element_type=\"column\">\n\t\t\t<div class=\"elementor-column-wrap elementor-element-populated\">\n\t\t\t\t\t\t\t<div class=\"elementor-widget-wrap\">\n\t\t\t\t\t\t<div class=\"elementor-element elementor-element-5ae6580b elementor-widget elementor-widget-text-editor\" data-id=\"5ae6580b\" data-element_type=\"widget\" data-widget_type=\"text-editor.default\">\n\t\t\t\t<div class=\"elementor-widget-container\">\n\t\t\t\t\t<div class=\"elementor-text-editor elementor-clearfix\"><p><strong>Oferta\u00a0obejmuje:<\/strong><\/p>\n<ul>\n<li>Interferometryczne\u00a0<strong>systemy pomiarowe<\/strong>\u00a0z\u0142\u0105czy \u015bwiat\u0142owodowych f-my DORC<\/li>\n<li><strong>Maszyny polerskie<\/strong>\u00a0do z\u0142\u0105czy \u015bwiat\u0142owodowych<\/li>\n<li><strong>Materia\u0142y polerskie<\/strong>\u00a0do procesu polerowania z\u0142\u0105czy \u015bwiat\u0142owodowych \/folie\/<\/li>\n<li><strong>Uchwyty polerskie<\/strong>\u00a0do maszyn kompatybilnych z OFL-12 oraz OFL-15 \/jig\/ oraz r\u0119czne<\/li>\n<li>Podk\u0142adki silikonowe i gumowe do procesu polerskiego \u015brednica 110mm, 55-95 Duro<\/li>\n<li>Narz\u0119dzia i osprz\u0119t dla instalator\u00f3w: np. Indentyfikatory w\u0142\u00f3kien, os\u0142onki spaw\u00f3w, kable pomiarowe, itp<\/li>\n<\/ul>\n<ul>\n<li><strong>Elementy pasywne<\/strong>\n<ul>\n<li>z\u0142\u0105cza i adaptery \u015bwiat\u0142owodowe<\/li>\n<li>t\u0142umiki, filtry, cyrkulatory, CWDM, WDM\u00a0itp<\/li>\n<li>splittery PLC<\/li>\n<li>os\u0142onki spaw\u00f3w<\/li>\n<\/ul>\n<\/li>\n<li><strong>Elementy aktywne<\/strong>\n<ul>\n<li>\u015bwiat\u0142owodowe konwertery\u00a0medi\u00f3w<\/li>\n<\/ul>\n<\/li>\n<\/ul>\n<!-- wp:paragraph -->\n<p>\u00a0<\/p>\n<!-- \/wp:paragraph --><\/div>\n\t\t\t\t<\/div>\n\t\t\t\t<\/div>\n\t\t\t\t\t\t<\/div>\n\t\t\t\t\t<\/div>\n\t\t<\/div>\n\t\t\t\t\t\t\t\t<\/div>\n\t\t\t\t\t<\/div>\n\t\t<\/section>\n\t\t\t\t\t\t<\/div>\n\t\t\t\t\t\t<\/div>\n\t\t\t\t\t<\/div>\n\t\t","protected":false},"excerpt":{"rendered":"<p>Oferta\u00a0obejmuje: Interferometryczne\u00a0systemy pomiarowe\u00a0z\u0142\u0105czy \u015bwiat\u0142owodowych f-my DORC Maszyny polerskie\u00a0do z\u0142\u0105czy \u015bwiat\u0142owodowych Materia\u0142y polerskie\u00a0do procesu polerowania z\u0142\u0105czy \u015bwiat\u0142owodowych \/folie\/ Uchwyty polerskie\u00a0do maszyn kompatybilnych z OFL-12 oraz OFL-15 \/jig\/ oraz r\u0119czne Podk\u0142adki silikonowe i gumowe do procesu polerskiego \u015brednica 110mm, 55-95 Duro Narz\u0119dzia i osprz\u0119t dla instalator\u00f3w: np. Indentyfikatory w\u0142\u00f3kien, os\u0142onki spaw\u00f3w, kable pomiarowe, itp Elementy pasywne z\u0142\u0105cza [&hellip;]<\/p>\n","protected":false},"author":1,"featured_media":0,"parent":0,"menu_order":0,"comment_status":"closed","ping_status":"closed","template":"","meta":[],"_links":{"self":[{"href":"https:\/\/fiboss.com.pl\/index.php?rest_route=\/wp\/v2\/pages\/112"}],"collection":[{"href":"https:\/\/fiboss.com.pl\/index.php?rest_route=\/wp\/v2\/pages"}],"about":[{"href":"https:\/\/fiboss.com.pl\/index.php?rest_route=\/wp\/v2\/types\/page"}],"author":[{"embeddable":true,"href":"https:\/\/fiboss.com.pl\/index.php?rest_route=\/wp\/v2\/users\/1"}],"replies":[{"embeddable":true,"href":"https:\/\/fiboss.com.pl\/index.php?rest_route=%2Fwp%2Fv2%2Fcomments&post=112"}],"version-history":[{"count":4,"href":"https:\/\/fiboss.com.pl\/index.php?rest_route=\/wp\/v2\/pages\/112\/revisions"}],"predecessor-version":[{"id":622,"href":"https:\/\/fiboss.com.pl\/index.php?rest_route=\/wp\/v2\/pages\/112\/revisions\/622"}],"wp:attachment":[{"href":"https:\/\/fiboss.com.pl\/index.php?rest_route=%2Fwp%2Fv2%2Fmedia&parent=112"}],"curies":[{"name":"wp","href":"https:\/\/api.w.org\/{rel}","templated":true}]}}